17.
15
Let w = -24 - -26. Suppose -5*s = m - 5, 0*m - 3*m - 15 = 0. What is the remainder when w is divided by s?
0
Let c = 96 - 68. Let f = c + 27. Calculate the remainder when f is divided by 29.
26
Let d(h) = h + 13. What is the remainder when 31 is divided by d(4)?
14
Let k be -2 - 0*(-3)/6. Calculate the remainder when (33/(-3))/(k - -1) is divided by 4.
3
Suppose 0 = -m - 4*m. Suppose m*t - 99 = -2*l - t, 25 = 5*t. What is the remainder when l is divided by 10?
7
Suppose -9 = 5*u + 16. Let w(m) = m**3 + 6*m**2 + 3*m + 5. What is the remainder when w(u) is divided by 4?
3
Suppose -2*j + 7 = -j. Calculate the remainder when 12 is divided by j.
5
Suppose 3*y = -5*f - y + 33, f = -3*y. Let u = -4 - -7. What is the remainder when f is divided by u?
0
Let k(p) = -4*p + 1. Let o be k(-1). Suppose o*m = m + 64. What is the remainder when 45 is divided by m?
13
Let o = -34 - -99. What is the remainder when o is divided by 18?
11
Suppose -2*k + 4*y + 82 = 0, -k + 22 = y - 7. Suppose -n = 4*z - k, -41 = -5*z - n - 1. What is the remainder when (4 - 12/2)*-6 is divided by z?
5
Let y(j) = -4*j - 14. Let i be y(-4). What is the remainder when 0/i - (-91 + 5) is divided by 22?
20
Let b(x) = 5*x**3 + 3*x**2 + x + 4. Let u(g) = 14*g**3 + 9*g**2 + 2*g + 12. Let l(t) = 17*b(t) - 6*u(t). What is the remainder when 21 is divided by l(3)?
10
Let v(z) = z**2 - z + 8. Let u(f) = -f**2 - 7. Let c(s) = -4*u(s) - 3*v(s). Let y(b) = 2*b**2 + 9*b + 9. What is the remainder when y(-6) is divided by c(-5)?
13
Suppose 5*x = -b + 5*b - 194, 5*x + 4*b = -186. Let y = -23 - x. Calculate the remainder when 548/20 + 12/20 is divided by y.
13
Suppose f - 2*f = -u + 19, 5*u = f + 79. Suppose -o - 2*o + 165 = 0. Suppose u - o = -5*c. Calculate the remainder when c is divided by 5.
3
Let r = 52 + -39. Calculate the remainder when r is divided by 9.
4
Suppose -25 = 2*p - 4*p + z, 3*z + 63 = 5*p. Calculate the remainder when p is divided by 5.
2
Suppose -35 = -4*h + 29. Suppose 3*o = 2*y - 0*y + h, -4*o + 28 = 4*y. What is the remainder when 11 is divided by o?
5
Calculate the remainder when 27 is divided by 280/10*(-2)/(-4).
13
Let p(h) = -2*h - 22. Suppose -101 - 14 = -5*u. What is the remainder when u is divided by p(-15)?
7
Let d(y) = y**3 + 6*y**2 + 5*y - 5. Let p be d(-5). Let q = 8 + p. What is the remainder when 7 is divided by q?
1
Suppose 4*l - 98 = -5*p, 2*p + 120 = 5*l + 7*p. Suppose -3*b + b = -l. What is the remainder when 75/6*(-8)/(-5) is divided by b?
9
Let r = 29 - 21. Calculate the remainder when 15 is divided by r.
7
Let a(v) = -v**3 + 11*v**2 - 9*v + 15. Calculate the remainder when 97 is divided by a(10).
22
Suppose 2*b + 6 = 8. Calculate the remainder when b is divided by 1.
0
Let n = 40 - -9. Let q = -33 + n. Calculate the remainder when (-4)/26 - (8 - (-509)/(-13)) is divided by q.
15
Suppose 32 = g + 7. Let z = 98 - 22. What is the remainder when g is divided by z/6 - 3/(-9)?
12
Suppose 2*k = -29 - 3. Let j = k + 22. What is the remainder when (6/(-4))/(1/(-14)) is divided by j?
3
Let q be 1 - (0 - (4 - 2)). Let d be 1/(-3)*(0 + -9). Suppose 3*h + q*y - 99 = 6*y, 104 = d*h + 2*y. What is the remainder when h is divided by 9?
7
Suppose -17 = b + m - 5*m, -2*b - 2*m = 4. Let g = 8 + b. Suppose -g*d + 5*k = d - 148, k = -3*d + 92. Calculate the remainder when d is divided by 17.
15
Let c = 20 - 326. Calculate the remainder when (3/9)/((-3)/c) is divided by 18.
16
Let y(d) = d - 1. Suppose -3 + 15 = 4*r. Let n(x) = x + 2. What is the remainder when n(2) is divided by y(r)?
0
Let w(d) = d**3 + 9*d**2 + 6*d - 6. Suppose 3*m = 42 - 0. Let h = m + -22. Calculate the remainder when 19 is divided by w(h).
9
Let h = 2 + 0. Let b be h/(-5) + (-231)/(-15). Let o = -9 + b. What is the remainder when 16 is divided by o?
4
What is the remainder when -7*(-4)/7*80/2 is divided by 55?
50
Suppose -6*o + 7*o = -2. Calculate the remainder when 12 is divided by (-1)/o + (-52)/(-8).
5
Let w = 3 - 1. Suppose w*o - 185 = -3*o. Calculate the remainder when o is divided by 19.
18
Let p = 6 + -4. Suppose -4*d = -t + 5*t + 4, -5*d + 23 = -2*t. Suppose -34 = -5*c + d*x, 5*c - 2*x = -3*x + 22. What is the remainder when c is divided by p?
1
Let y(i) = 10*i**2 - 2*i - 4. Calculate the remainder when y(3) is divided by 27.
26
Let o be 0/((-4)/(-3 - -1)). Let t(w) = -w**2 + 7*w - 2. Let z be t(6). Let l = z - o. What is the remainder when 11 is divided by l?
3
Let r = 47 + 33. Suppose r = 5*m - 3*v, 0*m + 24 = 3*m + 3*v. What is the remainder when 24 is divided by m?
11
Let y(o) = 3*o**2 + 3*o - 3. Calculate the remainder when y(-3) is divided by 9.
6
Let x(o) = -7*o**2 - 3*o + 2. Let g be x(2). Let n = 48 + g. Suppose 0*w - 92 = -2*w. Calculate the remainder when w is divided by n.
14
Calculate the remainder when (-38)/(-3*2/9) is divided by 15.
12
Let a = 5 + -3. Suppose -x - 2*s + 20 = 0, 5*s + 13 = a*x - x. What is the remainder when 69 is divided by x?
15
Suppose -168 = 3*w - 2*b, 4*b - 280 = 5*w + 5*b. Calculate the remainder when 74 is divided by 1/((-3)/(w - 1)).
17
Let y = 49 - 30. Calculate the remainder when y is divided by 13.
6
Let r = 4 - -25. Let i be 4/(-6) - r/(-3). Let v = -2 + i. What is the remainder when 12 is divided by v?
5
Let d(y) = -y**3 - 2*y**2 + 3*y + 2. Let l(x) = -x**2 + 1. Let i be l(2). What is the remainder when -1 - ((i - 0) + 0) is divided by d(-3)?
0
What is the remainder when (-519)/(-12) - (-2)/(-8) is divided by 28?
15
Calculate the remainder when (89 + 3)*1/2 is divided by 8.
6
Suppose 5*f = -w + 2*w - 33, -3*w - 5*f + 39 = 0. Let h = -23 - -33. What is the remainder when w is divided by h?
8
Let m = 10 + 5. Let o(j) = -j**2 - 46. Let z be o(0). Let p = -2 - z. What is the remainder when p is divided by m?
14
Suppose -y + 67 = -0*y. Suppose 0 = w - 4, -4*w = -5*j + w + 65. Calculate the remainder when y is divided by j.
16
Let q(f) = f**3 + 7*f**2. Let o be q(-7). Let l(b) = -4*b - 2*b + 3*b**2 - 2*b**2 + 3 + o*b**2. Calculate the remainder when l(8) is divided by 7.
5
Let p(k) = -k**2 - 11*k + 16. Let b be p(-12). Suppose -b = -0*t - t. What is the remainder when 10 is divided by t?
2
Suppose -f + 9 = 2*y, -3*y - f + 13 = f. Suppose 0 = -p + 3 + y. Calculate the remainder when (66/4)/((-3)/(-4)) is divided by p.
6
Calculate the remainder when 4/6 + (-122)/(-6) is divided by 12.
9
Let n(k) = 23*k**3 - k + 1. Let i be n(1). Let o = i - 17. What is the remainder when 15 is divided by o?
3
Let v = 19 - 9. Let l = -10 + v. Suppose 2*a - 110 = -l*a. Calculate the remainder when a is divided by 19.
17
Suppose 0 = -13*c + 10*c + 48. Suppose -z - 5*o + 2*o + 37 = 0, 0 = 2*z - 2*o - 98. Calculate the remainder when z is divided by c.
14
Let j(k) = 5*k - 4. Let o be j(7). Suppose 2*w - 24 = -2*b, -b = -2*w + 4*b + o. What is the remainder when w is divided by 7?
6
Let l(z) = 0*z**3 - 6*z**2 - 7*z - z**3 + 4 - 3. Suppose 2*i + 2*f - 68 = 0, -2*f + 6*f + 56 = 2*i. Calculate the remainder when i is divided by l(-5).
10
Let a = 455 - 230. Calculate the remainder when a is divided by 38.
35
Suppose 0 = y - 20 - 3. What is the remainder when 67 is divided by y?
21
Let c = 61 - 30. Calculate the remainder when c is divided by 16.
15
Suppose 0 = -3*n - 9, 0*n + 27 = 2*b - 5*n. What is the remainder when (9/(-6))/(b/(-88)) is divided by 12?
10
Let y(g) = 4*g**2 + 5*g + 2. Calculate the remainder when 43 is divided by y(-3).
20
Let p = 110 - 109. Let b = 1 - -1. What is the remainder when b is divided by p?
0
Suppose 8*v + 30 = 10*v. Let l = 165 - 57. Suppose -3*x + l + 21 = 0. What is the remainder when x is divided by v?
13
Calculate the remainder when 11 is divided by ((-8)/6)/(-2)*6.
3
Let w(g) = g**3 + 8*g**2 - 8*g + 19. What is the remainder when 2/3 + 156/9 is divided by w(-9)?
8
Let d = 30 - 20. What is the remainder when 2/9 - (-259)/9 is divided by d?
9
Let g = 47 - 34. Let b = g + 5. Let c = -20 - -54. Calculate the remainder when c is divided by b.
16
Suppose -55 = -a - 4*v, 0*v - v = -4*a + 169. Let g(w) = -w + 8. Calculate the remainder when a is divided by g(-3).
10
Let q be (16/12)/(2/(-84)). Let f = -39 - q. Calculate the remainder when f is divided by -18*(-3 - (-10)/4).
8
Let c = -10 - -22. What is the remainder when (8/(-5))/(c/(-90)) is divid